 - (-1 - 2) - 10.
-8
3 - (-8 - -3 - (-7 - -13))
14
What is the value of -1 + (4 - -25) - 40?
-12
What is 12 + (-12 - -8) + 7 - (0 - 0)?
15
Calculate -11 + 11 + (-2 + 5 - -10).
13
Evaluate (9 - 7 - 15) + -10.
-23
Calculate -52 + -6 + 28 + 3.
-27
What is the value of -3 - (-6 - (12 + -7 + -3) - 0)?
5
(5 - 2) + -1 + (6 - 20) + -3
-15
(12 + -11 - -8 - 14) + (6 - 1)
0
Evaluate -11 - ((-22 + 5 - -19) + 1).
-14
-6 + (10 - -1 - 12)
-7
Calculate 12 - 12 - -3 - 5.
-2
(-23 - -33) + -9 - (2 + 2 + -6)
3
What is (-3 - -1) + 9 + (26 - (35 - 8))?
6
(3 - -63) + -442 + 398
22
-8 - (-11 - (5 - 6))
2
Calculate -15 + -29 + 88 - 28.
16
What is the value of 26 + 2 + (-2 - -7 - 18)?
15
-59 + 47 - (1 - 22)
9
Calculate (0 - -9) + 37 + -14 + -30 + -17.
-15
Evaluate 3 - (5 - (15 + -10) - -1).
2
Calculate 19 + (-5 - -8 - (-3 - -11)).
14
Evaluate -35 - -7 - (-39 - -35).
-24
Calculate -5 + (24 - 13) - 8.
-2
Evaluate -26 + 29 + 0 + 4 - (-9 - -6).
10
Calculate 4 - 11 - ((7 - 9) + -10).
5
What is 17 + (12 + -17 - (0 - -1))?
11
What is -5 + -1 - (27 - -12 - 25)?
-20
(-4 - (-1 - -3)) + 485 + -483
-4
Calculate (1 - (2 + -3 - (4 + -1))) + 7.
12
What is the value of (0 - (4 + 0) - (-267 + 249)) + 9?
23
What is -4 + 7 + 7 + -16 + (7 - -2)?
3
(-1 - (-16 - -8)) + 2
9
Evaluate -4 + 3 + 3 + 0 + 2 - -5.
9
What is the value of -129 - -130 - (-15 + 0) - (-2 + 9)?
9
(-8 - -9) + (-7 - 0)
-6
(-3 - -7 - 15) + 4 + 9 - 10
-8
Calculate 29 + -37 + (-22 - -9).
-21
What is the value of 2 + 42 + -21 + -41?
-18
What is the value of 19 + (-19 + 29 - 4)?
25
What is the value of -4 - -21 - (3 + 13)?
1
What is the value of -22 + 29 - (11 - 2)?
-2
Calculate (20 - (-3 + (7 - 3))) + 0.
19
Calculate (6 - 32) + 20 + -13.
-19
What is (0 - (4 + 4)) + 4?
-4
What is the value of -6 + 20 + -7 - (34 - 5) - -7?
-15
181 + -188 + (-4 - 4) + -3
-18
28 + -46 + -2 + 9
-11
What is the value of -40 + 21 + (17 + -13 - 9)?
-24
What is the value of (20 - 13) + 2 + 20?
29
Calculate (-26 - 2) + 15 + -2 + -11.
-26
Calculate 45 - (47 - -4) - 16.
-22
(-50 - -32) + 1 + 2
-15
Evaluate 7 - (-16 - (-41 - -9)).
-9
What is the value of 26 + -21 - (6 - 1) - (16 - 29)?
13
What is (94 - 100) + (3 + -10 - 4)?
-17
Evaluate (2 - -22) + -21 - (7 - -2).
-6
What is the value of (6 - 14 - -3) + -2 - -9?
2
What is the value of -5 + 4 + -4 + (12 - -8)?
15
What is (12 + -22 - -32 - 10) + -3?
9
What is the value of -3 - -8 - (15 - (7 + -5 + 2))?
-6
What is the value of -13 + (1 - 0) - (3728 - 3758)?
18
What is 26 + 33 + -14 + -63?
-18
What is the value of (24 - 6) + (16 - 9) + -3?
22
4 + -31 - (46 - 76)
3
-5 + 12 + -3 + -13 - 2
-11
-43 + 39 - (0 - 0 - -11)
-15
Calculate 17 + 3 + -28 - (2 + 2).
-12
Calculate -113 - -115 - (-11 - (-8 - -4)).
9
What is -14 + 17 + -7 + (-1 - -9) + -9?
-5
What is -5 - 3 - -13 - (8 + 10 + -5)?
-8
What is (-2 + -1 - 1) + (13 - 7 - -12)?
14
What is 0 + (9 - (9 - -1))?
-1
Calculate 15 + (19 + -14 - 14).
6
-3 + (10 - 14) + 10
3
Calculate (6 + 1 - 4) + -14 - -7.
-4
What is 59 + -40 + -28 + 27?
18
What is the value of (61 - 82) + 10 + 1?
-10
What is the value of (0 - 1) + 5 - (82 + -72)?
-6
Calculate 8 - (-19 + 23 + 2 + 0).
2
Evaluate 2 - (6 + (3 - 16) + 15 - -4).
-10
What is the value of 1 - ((-23 - 33) + 31)?
26
Evaluate -13 + (0 - -1 - (-53 + 49) - 6).
-14
What is the value of 0 + 9 + (-1 - -15) + -6?
17
What is 13 + (4 - -3 - 17 - -11)?
14
-18 + 15 - (-5 + (-5 - -2) + 3)
2
What is 6 + -2 - (-144 - -151)?
-3
Evaluate -24 - -24 - ((4 + 0 - 7) + -4).
7
What is -20 + 3 + 5 - (-39 - -5)?
22
What is the value of (-11 - -6) + 16 + -3 + -10 + 17?
15
Calculate 100 - 87 - ((-11 - -6) + -2 + 1).
19
Calculate -28 + 9 + -17 - -21.
-15
Calculate (1 - -8 - (-26 - (23 - 72))) + -6.
-20
Evaluate -7 - -1 - (99 + -107).
2
Calculate 10 - 14 - 1 - (0 + -24).
19
(7 - (14 - -8)) + -3
-18
What is the value of (-13 - -27) + -8 - (-12 - 5)?
23
Calculate -2 + (16 - 7) + -1 + 6 - 8.
4
Calculate 8 + -5 + (-17 - -1 - (-8 - -3)).
-8
What is the value of 5 + 25 + 7 + -9 + 7?
35
What is (1 + -13 + -4 - -7) + -10?
-19
Calculate 12 + (-5 + (4 - 5) - -14).
20
Calculate -1 - -3 - (16 + -7).
-7
Calculate -27 - (-1 - -39 - 98).
33
What is (25 + 23 - 27) + (-3 - (0 + 1))?
17
What is 80 + -59 - (2 + -3 - -2) - -5?
25
Calculate (-29 - -20 - -12) + -2 + -1.
0
(-3 - 1) + 0 + -2 - (-8 - -11)
-9
Evaluate -4 - (-3 - 44) - (-32 + 50).
25
-1 - ((9 - (-1 + 2)) + -374 + 344)
21
What is the value of -18 + (-2 - -3) + -21 - -3?
-35
-34 - (-1 + (-5 - (-3 - -6)))
-25
What is the value of 18 - (13 + -26 + 25)?
6
Calculate 2 - (-2 - -8) - (-4 + -21 + 7).
14
Evaluate -1 - (4 - -12) - ((-2 - -5) + -5).
-15
-12 - (17 - 14 - 16)
1
What is -43 + 9 - (15 - 16 - 10)?
-23
4 - (-21 + 34 - -5)
-14
Evaluate 8 + (-4 - 1) + 88 + -99.
-8
Evaluate 3 + (-17 - -25 - (21 + -3)).
-7
43 + (-29 - -32) + -31
15
Evaluate 7 - ((11 - (-5 + 10)) + -1).
2
What is 6 + -1 + -6 + -18 + 39?
20
Calculate (-83 + 75 - (-1 + 5)) + 2.
-10
What is -9 + 11 - (-22 + 19)?
5
What is the value of (-4 - (-1 - 0)) + -51 + 56?
2
(0 - 7) + 12 + 11
16
-2 + -5 + 14 + -1 - (5 - 6)
7
-10 + (1 + 2 - (30 + -25) - -1)
-11
Calculate 3 + (11 - 8) - -3.
9
Evaluate -9 + (-8 - -7) + (0 - -33) - 5.
18
What is the value of 44 + -25 - (-1 - -26)?
-6
-14 + 1 + 20 + (24 - 15)
16
What is the value of 0 + 61 + -3301 + 3277?
37
What is the value of 23 + (-16 - -11) + -17?
1
What is the value of -28 + 6 - (-145 + 123)?
0
-10 - 1 - (-927 - -911)
5
Calculate (-29 - -4) + 358 + -297.
36
(15 - 0) + 4 + -30
-11
What is -17 + 3 - -23 - -19?
28
What is -10 - (-2 + (-5 - -10 - 1))?
-12
Calculate (10 - (-2 - (-1 + -4))) + 10 - 5.
12
What is the value of 15 - (5 + (0 - 0) + -13 + 8)?
15
What is (-17 - (2 + -4)) + -82 + 90 + -19?
-26
What is the value of 16 + -6 + -27 + 18 + -1 + 2?
2
What is -1 + 1 - (-43 + 40)?
3
Calculate -13 + 5 - 2 - (25 - 43).
8
Evaluate 0 + (7 - 35) - -18.
-10
What is -13 + -9 + 19 + (1 - (2 + -27))?
23
Calculate 256 - 251 - (0 + 0 + 33).
-28
Calculate -295 - -330 - (16 - -1).
18
What is -15 + 1 + (27 - 15 - 15) + 0?
-17
Evaluate -52 - -95 - (1 - -15).
27
Calculate 19 - (8 + -13) - (-4 - (-8 - -9)).
29
Calculate 26 - 1 - (-2 - (13 + -10) - -16).
14
What is the value of 7 + (120 - 125 - (1 - 1)) + 0?
2
Evaluate (14 - -1) + 8 + -31 - 16.
-24
Evaluate (-3 - -32) + -30 + (-10 + 0 - 0).
-11
What is -24 + 21 + -12 + 11 + -7?
-11
(-397 - -401) + 2 + -4 + (-1 - -11)
12
What is -11 - (5 - ((2 - 1) + 9))?
-6
Evaluate 0 + 7 - 0 - (-23 - -17).
13
What is -8 - (-15 - -10) - (28 + 3 + -3)?
-31
Evaluate (34 + -9 - 8) + (-11 - 2).
4
-2 - (-35 - (-8 + -2))
23
Calculate (2 - 18 - (-16 + 15)) + -9.
-24
What is (8 - (6 + -6)) + -4 + -3?
1
What is the value of (-2 - 5) + 26 + -55 + 39?
3
Evaluate (38 - 51) + 1 + -5 + 2 + 0.
-15
Calculate (-7 - (0 + -1)) + 26 + -18.
2
(-7 - -15) + 5 + -24
-11
What is the value of 11 + 2 - 4 - (-70 + 66)?
13
Evaluate (-22 - (-30 - -2)) + -3 + -9.
-6
What is -11 - (0 + 10 - (-14 + 7 + 12))?
-16
What is the value of -10 - (-11 + 23) - ((3 - 3) + -6)?
-16
Calculate -2 + 2 + -20 - (-94 + 45).
29
What is 4 + (9 + -20 - -27 - 7)?
13
Calculate 8 - (-6 - -3) - (1 - 0) - -22.
32
Calculate 12 + -9 + 1 + 8.
12
-17 + 4 - -8 - 1 - (0 - -9)
-15
What is (1 - -10 - 25) + 20?
6
Calculate 10 + -8 - 5 - 4.
-7
-20 - (24 - (-39 + 76))
-7
What is -5 + (7 - ((14 - -3) + 3 + -10))?
-8
(0 - 10) + (21 - (-3 + 12))
2
What is -6 - 0 - (-14 + 8) - -3?
3
What is -4 - -12 - (2 - (-8 - -1))?
-1
What is 21 - -12 - (9 - -14)?
10
Evaluate (2 - -11) + -5 + -2 - (7 + -4).
3
What is the value of (6 + -7 - (-5 - 0 - -16)) + 0?
-12
9 - (13 - (-6 + 21 + -33))
-22
Calculate -48 - (-30 - (3 - (15 + 0))).
-30
Calculate (9 - (-10 + -16 + 49)) + 14.
0
Evaluate -9 + 2 + 8 + 5 + (1 - 18).
-11
What is (11 - -1) + (-135 - -113)?
-10
Calculate -4 - (-37 - -34) - (-1 + (3 - -1)).
-4
Evaluate -18 - (9 - (7 - 6) - (0 - -12)).
-14
What is the value of 5 + (-8 + 4 - ((11 - 6) + -12))?
8
-7 + -5 + 3 + 5 + 1 + 19
16
What is the value of (5 - -3) + 1 + (2 - 16)?
-5
(5 - ((0 - 15) + -1)) + 4 + -2
23
-1 - 13 - (-131 + 125 - (2 - 13))
-19
What is (0 - -36) + (184 - 162) + -22 + -3?
33
What is the value of -9 - (17 - 53) - 10?
17
-1059 + 1060 - (1 + 29)
-29
-18 - -12 - (-7 - (-16 + 3))
-12
What is -7 - (5 + (-3 - 9))?
0
Calculate 0 + -2 + -5 - -15.
8
What is (-6 - (-3 + 0 - 12)) +